{"id":809,"date":"2021-12-09T00:50:49","date_gmt":"2021-12-09T00:50:49","guid":{"rendered":"https:\/\/fertnobre.com.br\/Blog\/?page_id=809"},"modified":"2021-12-14T04:05:25","modified_gmt":"2021-12-14T04:05:25","slug":"tendencias","status":"publish","type":"page","link":"https:\/\/fertnobre.com.br\/blog\/tendencias\/","title":{"rendered":"Tendencias"},"content":{"rendered":"\t\t<div data-elementor-type=\"wp-page\" data-elementor-id=\"809\" class=\"elementor elementor-809\" data-elementor-settings=\"{&quot;ha_cmc_init_switcher&quot;:&quot;no&quot;}\" data-elementor-post-type=\"page\">\n\t\t\t\t\t\t<section class=\"elementor-section elementor-top-section elementor-element elementor-element-9e60029 elementor-section-boxed elementor-section-height-default elementor-section-height-default\" data-id=\"9e60029\" data-element_type=\"section\" data-e-type=\"section\" data-settings=\"{&quot;_ha_eqh_enable&quot;:false}\">\n\t\t\t\t\t\t<div class=\"elementor-container elementor-column-gap-default\">\n\t\t\t\t\t<div class=\"elementor-column elementor-col-100 elementor-top-column elementor-element elementor-element-cdc1f01\" data-id=\"cdc1f01\" data-element_type=\"column\" data-e-type=\"column\">\n\t\t\t<div class=\"elementor-widget-wrap elementor-element-populated\">\n\t\t\t\t\t\t<div class=\"elementor-element elementor-element-1dc5266 elementor-grid-3 elementor-grid-tablet-2 elementor-grid-mobile-1 elementor-posts--thumbnail-top elementor-posts--show-avatar elementor-card-shadow-yes elementor-posts__hover-gradient elementor-widget elementor-widget-posts\" data-id=\"1dc5266\" data-element_type=\"widget\" data-e-type=\"widget\" data-settings=\"{&quot;cards_columns&quot;:&quot;3&quot;,&quot;cards_columns_tablet&quot;:&quot;2&quot;,&quot;cards_columns_mobile&quot;:&quot;1&quot;,&quot;cards_row_gap&quot;:{&quot;unit&quot;:&quot;px&quot;,&quot;size&quot;:35,&quot;sizes&quot;:[]},&quot;cards_row_gap_tablet&quot;:{&quot;unit&quot;:&quot;px&quot;,&quot;size&quot;:&quot;&quot;,&quot;sizes&quot;:[]},&quot;cards_row_gap_mobile&quot;:{&quot;unit&quot;:&quot;px&quot;,&quot;size&quot;:&quot;&quot;,&quot;sizes&quot;:[]}}\" data-widget_type=\"posts.cards\">\n\t\t\t\t<div class=\"elementor-widget-container\">\n\t\t\t\t\t\t\t<div class=\"elementor-posts-container elementor-posts elementor-posts--skin-cards elementor-grid\" role=\"list\">\n\t\t\t\t<article class=\"elementor-post elementor-grid-item post-1792 post type-post status-publish format-standard has-post-thumbnail hentry category-tendencias-de-jardinagem\" role=\"listitem\">\n\t\t\t<div class=\"elementor-post__card\">\n\t\t\t\t<a class=\"elementor-post__thumbnail__link\" href=\"https:\/\/fertnobre.com.br\/blog\/plantas_para_ambientes_internos\/\" tabindex=\"-1\" ><div class=\"elementor-post__thumbnail\"><img fetchpriority=\"high\" decoding=\"async\" width=\"300\" height=\"300\" src=\"https:\/\/fertnobre.com.br\/blog\/wp-content\/uploads\/2021\/12\/iStock-636798728-Copia-e1639494818796-300x300.jpg\" class=\"attachment-medium size-medium wp-image-1793\" alt=\"\" srcset=\"https:\/\/fertnobre.com.br\/blog\/wp-content\/uploads\/2021\/12\/iStock-636798728-Copia-e1639494818796-300x300.jpg 300w, https:\/\/fertnobre.com.br\/blog\/wp-content\/uploads\/2021\/12\/iStock-636798728-Copia-e1639494818796-150x150.jpg 150w, https:\/\/fertnobre.com.br\/blog\/wp-content\/uploads\/2021\/12\/iStock-636798728-Copia-e1639494818796.jpg 510w\" sizes=\"(max-width: 300px) 100vw, 300px\" \/><\/div><\/a>\n\t\t\t\t<div class=\"elementor-post__badge\">Tend\u00eancias<\/div>\n\t\t\t\t<div class=\"elementor-post__avatar\">\n\t\t\t<img alt='admin' src='https:\/\/secure.gravatar.com\/avatar\/bedba7318734fab21e8ce6d2fb8eaa91589a0d27435ed0c7533c88f71b74ff85?s=128&#038;d=mm&#038;r=g' srcset='https:\/\/secure.gravatar.com\/avatar\/bedba7318734fab21e8ce6d2fb8eaa91589a0d27435ed0c7533c88f71b74ff85?s=256&#038;d=mm&#038;r=g 2x' class='avatar avatar-128 photo' height='128' width='128' \/>\t\t<\/div>\n\t\t\t\t<div class=\"elementor-post__text\">\n\t\t\t\t<h3 class=\"elementor-post__title\">\n\t\t\t<a href=\"https:\/\/fertnobre.com.br\/blog\/plantas_para_ambientes_internos\/\" >\n\t\t\t\t7 coisas que voc\u00ea n\u00e3o sabia sobre plantas para ambientes internos\t\t\t<\/a>\n\t\t<\/h3>\n\t\t\t\t<div class=\"elementor-post__excerpt\">\n\t\t\t<p>Todo ambiente fica mais bonito quando temos plantas na composi\u00e7\u00e3o. Sejam casas, apartamentos, cl\u00ednicas, lojas ou qualquer outro local, as plantas para ambientes internos transformam<\/p>\n\t\t<\/div>\n\t\t\n\t\t<a class=\"elementor-post__read-more\" href=\"https:\/\/fertnobre.com.br\/blog\/plantas_para_ambientes_internos\/\" aria-label=\"Leia mais sobre 7 coisas que voc\u00ea n\u00e3o sabia sobre plantas para ambientes internos\" tabindex=\"-1\" >\n\t\t\tLeia mais \u00bb\t\t<\/a>\n\n\t\t\t\t<\/div>\n\t\t\t\t<div class=\"elementor-post__meta-data\">\n\t\t\t\t\t<span class=\"elementor-post-date\">\n\t\t\t14 de dezembro de 2021\t\t<\/span>\n\t\t\t\t<span class=\"elementor-post-avatar\">\n\t\t\tNenhum coment\u00e1rio\t\t<\/span>\n\t\t\t\t<\/div>\n\t\t\t\t\t<\/div>\n\t\t<\/article>\n\t\t\t\t<article class=\"elementor-post elementor-grid-item post-1784 post type-post status-publish format-standard has-post-thumbnail hentry category-tendencias-de-jardinagem\" role=\"listitem\">\n\t\t\t<div class=\"elementor-post__card\">\n\t\t\t\t<a class=\"elementor-post__thumbnail__link\" href=\"https:\/\/fertnobre.com.br\/blog\/8_curiosidades_sobre_os_cactos\/\" tabindex=\"-1\" ><div class=\"elementor-post__thumbnail\"><img decoding=\"async\" width=\"300\" height=\"300\" src=\"https:\/\/fertnobre.com.br\/blog\/wp-content\/uploads\/2021\/12\/curiosidades-sobre-os-cactos-e1639492972551-300x300.jpg\" class=\"attachment-medium size-medium wp-image-1785\" alt=\"\" srcset=\"https:\/\/fertnobre.com.br\/blog\/wp-content\/uploads\/2021\/12\/curiosidades-sobre-os-cactos-e1639492972551-300x300.jpg 300w, https:\/\/fertnobre.com.br\/blog\/wp-content\/uploads\/2021\/12\/curiosidades-sobre-os-cactos-e1639492972551-150x150.jpg 150w, https:\/\/fertnobre.com.br\/blog\/wp-content\/uploads\/2021\/12\/curiosidades-sobre-os-cactos-e1639492972551.jpg 510w\" sizes=\"(max-width: 300px) 100vw, 300px\" \/><\/div><\/a>\n\t\t\t\t<div class=\"elementor-post__badge\">Tend\u00eancias<\/div>\n\t\t\t\t<div class=\"elementor-post__avatar\">\n\t\t\t<img alt='admin' src='https:\/\/secure.gravatar.com\/avatar\/bedba7318734fab21e8ce6d2fb8eaa91589a0d27435ed0c7533c88f71b74ff85?s=128&#038;d=mm&#038;r=g' srcset='https:\/\/secure.gravatar.com\/avatar\/bedba7318734fab21e8ce6d2fb8eaa91589a0d27435ed0c7533c88f71b74ff85?s=256&#038;d=mm&#038;r=g 2x' class='avatar avatar-128 photo' height='128' width='128' \/>\t\t<\/div>\n\t\t\t\t<div class=\"elementor-post__text\">\n\t\t\t\t<h3 class=\"elementor-post__title\">\n\t\t\t<a href=\"https:\/\/fertnobre.com.br\/blog\/8_curiosidades_sobre_os_cactos\/\" >\n\t\t\t\t8 curiosidades sobre os cactos que voc\u00ea precisa conhecer\t\t\t<\/a>\n\t\t<\/h3>\n\t\t\t\t<div class=\"elementor-post__excerpt\">\n\t\t\t<p>Quando pensamos em cactos, geralmente lembramos de dois ambientes: deserto mexicano ou o sert\u00e3o brasileiro, daqueles bem t\u00edpicos de desenhos animados. Existem diversas curiosidades sobre<\/p>\n\t\t<\/div>\n\t\t\n\t\t<a class=\"elementor-post__read-more\" href=\"https:\/\/fertnobre.com.br\/blog\/8_curiosidades_sobre_os_cactos\/\" aria-label=\"Leia mais sobre 8 curiosidades sobre os cactos que voc\u00ea precisa conhecer\" tabindex=\"-1\" >\n\t\t\tLeia mais \u00bb\t\t<\/a>\n\n\t\t\t\t<\/div>\n\t\t\t\t<div class=\"elementor-post__meta-data\">\n\t\t\t\t\t<span class=\"elementor-post-date\">\n\t\t\t14 de dezembro de 2021\t\t<\/span>\n\t\t\t\t<span class=\"elementor-post-avatar\">\n\t\t\tNenhum coment\u00e1rio\t\t<\/span>\n\t\t\t\t<\/div>\n\t\t\t\t\t<\/div>\n\t\t<\/article>\n\t\t\t\t<article class=\"elementor-post elementor-grid-item post-1628 post type-post status-publish format-standard has-post-thumbnail hentry category-tendencias-de-jardinagem\" role=\"listitem\">\n\t\t\t<div class=\"elementor-post__card\">\n\t\t\t\t<a class=\"elementor-post__thumbnail__link\" href=\"https:\/\/fertnobre.com.br\/blog\/10_tipos_de_orquideas\/\" tabindex=\"-1\" ><div class=\"elementor-post__thumbnail\"><img decoding=\"async\" width=\"300\" height=\"300\" src=\"https:\/\/fertnobre.com.br\/blog\/wp-content\/uploads\/2021\/12\/tipos-de-orquideas-e1639456346640-300x300.jpg\" class=\"attachment-medium size-medium wp-image-1620\" alt=\"\" srcset=\"https:\/\/fertnobre.com.br\/blog\/wp-content\/uploads\/2021\/12\/tipos-de-orquideas-e1639456346640-300x300.jpg 300w, https:\/\/fertnobre.com.br\/blog\/wp-content\/uploads\/2021\/12\/tipos-de-orquideas-e1639456346640-150x150.jpg 150w, https:\/\/fertnobre.com.br\/blog\/wp-content\/uploads\/2021\/12\/tipos-de-orquideas-e1639456346640.jpg 510w\" sizes=\"(max-width: 300px) 100vw, 300px\" \/><\/div><\/a>\n\t\t\t\t<div class=\"elementor-post__badge\">Tend\u00eancias<\/div>\n\t\t\t\t<div class=\"elementor-post__avatar\">\n\t\t\t<img alt='admin' src='https:\/\/secure.gravatar.com\/avatar\/bedba7318734fab21e8ce6d2fb8eaa91589a0d27435ed0c7533c88f71b74ff85?s=128&#038;d=mm&#038;r=g' srcset='https:\/\/secure.gravatar.com\/avatar\/bedba7318734fab21e8ce6d2fb8eaa91589a0d27435ed0c7533c88f71b74ff85?s=256&#038;d=mm&#038;r=g 2x' class='avatar avatar-128 photo' height='128' width='128' \/>\t\t<\/div>\n\t\t\t\t<div class=\"elementor-post__text\">\n\t\t\t\t<h3 class=\"elementor-post__title\">\n\t\t\t<a href=\"https:\/\/fertnobre.com.br\/blog\/10_tipos_de_orquideas\/\" >\n\t\t\t\tConhe\u00e7a os 10 tipos de orqu\u00eddeas mais populares\t\t\t<\/a>\n\t\t<\/h3>\n\t\t\t\t<div class=\"elementor-post__excerpt\">\n\t\t\t<p>Quando se fala em flores, os diferentes tipos de orqu\u00eddeas est\u00e3o entre as mais amadas e cobi\u00e7adas. Afinal, n\u00e3o h\u00e1 quem n\u00e3o se renda aos<\/p>\n\t\t<\/div>\n\t\t\n\t\t<a class=\"elementor-post__read-more\" href=\"https:\/\/fertnobre.com.br\/blog\/10_tipos_de_orquideas\/\" aria-label=\"Leia mais sobre Conhe\u00e7a os 10 tipos de orqu\u00eddeas mais populares\" tabindex=\"-1\" >\n\t\t\tLeia mais \u00bb\t\t<\/a>\n\n\t\t\t\t<\/div>\n\t\t\t\t<div class=\"elementor-post__meta-data\">\n\t\t\t\t\t<span class=\"elementor-post-date\">\n\t\t\t14 de dezembro de 2021\t\t<\/span>\n\t\t\t\t<span class=\"elementor-post-avatar\">\n\t\t\tNenhum coment\u00e1rio\t\t<\/span>\n\t\t\t\t<\/div>\n\t\t\t\t\t<\/div>\n\t\t<\/article>\n\t\t\t\t<article class=\"elementor-post elementor-grid-item post-1308 post type-post status-publish format-standard has-post-thumbnail hentry category-tendencias-de-jardinagem\" role=\"listitem\">\n\t\t\t<div class=\"elementor-post__card\">\n\t\t\t\t<a class=\"elementor-post__thumbnail__link\" href=\"https:\/\/fertnobre.com.br\/blog\/jardinagem_na_pandemia\/\" tabindex=\"-1\" ><div class=\"elementor-post__thumbnail\"><img loading=\"lazy\" decoding=\"async\" width=\"300\" height=\"300\" src=\"https:\/\/fertnobre.com.br\/blog\/wp-content\/uploads\/2021\/12\/49560640001_11add0160e_k-e1639116880871-300x300.jpg\" class=\"attachment-medium size-medium wp-image-1309\" alt=\"\" srcset=\"https:\/\/fertnobre.com.br\/blog\/wp-content\/uploads\/2021\/12\/49560640001_11add0160e_k-e1639116880871-300x300.jpg 300w, https:\/\/fertnobre.com.br\/blog\/wp-content\/uploads\/2021\/12\/49560640001_11add0160e_k-e1639116880871-150x150.jpg 150w, https:\/\/fertnobre.com.br\/blog\/wp-content\/uploads\/2021\/12\/49560640001_11add0160e_k-e1639116880871.jpg 440w\" sizes=\"(max-width: 300px) 100vw, 300px\" \/><\/div><\/a>\n\t\t\t\t<div class=\"elementor-post__badge\">Tend\u00eancias<\/div>\n\t\t\t\t<div class=\"elementor-post__avatar\">\n\t\t\t<img alt='admin' src='https:\/\/secure.gravatar.com\/avatar\/bedba7318734fab21e8ce6d2fb8eaa91589a0d27435ed0c7533c88f71b74ff85?s=128&#038;d=mm&#038;r=g' srcset='https:\/\/secure.gravatar.com\/avatar\/bedba7318734fab21e8ce6d2fb8eaa91589a0d27435ed0c7533c88f71b74ff85?s=256&#038;d=mm&#038;r=g 2x' class='avatar avatar-128 photo' height='128' width='128' \/>\t\t<\/div>\n\t\t\t\t<div class=\"elementor-post__text\">\n\t\t\t\t<h3 class=\"elementor-post__title\">\n\t\t\t<a href=\"https:\/\/fertnobre.com.br\/blog\/jardinagem_na_pandemia\/\" >\n\t\t\t\tPandemia de Covid-19 aumenta interesse dos brasileiros em jardinagem e horta urbana\t\t\t<\/a>\n\t\t<\/h3>\n\t\t\t\t<div class=\"elementor-post__excerpt\">\n\t\t\t<p>A procura pelo termo &#8220;kit de jardinagem&#8221; aumentou 180% entre 17 de mar\u00e7o, data do in\u00edcio do isolamento social, e 17 de junho, de acordo<\/p>\n\t\t<\/div>\n\t\t\n\t\t<a class=\"elementor-post__read-more\" href=\"https:\/\/fertnobre.com.br\/blog\/jardinagem_na_pandemia\/\" aria-label=\"Leia mais sobre Pandemia de Covid-19 aumenta interesse dos brasileiros em jardinagem e horta urbana\" tabindex=\"-1\" >\n\t\t\tLeia mais \u00bb\t\t<\/a>\n\n\t\t\t\t<\/div>\n\t\t\t\t<div class=\"elementor-post__meta-data\">\n\t\t\t\t\t<span class=\"elementor-post-date\">\n\t\t\t10 de dezembro de 2021\t\t<\/span>\n\t\t\t\t<span class=\"elementor-post-avatar\">\n\t\t\tNenhum coment\u00e1rio\t\t<\/span>\n\t\t\t\t<\/div>\n\t\t\t\t\t<\/div>\n\t\t<\/article>\n\t\t\t\t<article class=\"elementor-post elementor-grid-item post-1201 post type-post status-publish format-standard has-post-thumbnail hentry category-tendencias-de-jardinagem\" role=\"listitem\">\n\t\t\t<div class=\"elementor-post__card\">\n\t\t\t\t<a class=\"elementor-post__thumbnail__link\" href=\"https:\/\/fertnobre.com.br\/blog\/voce_conhece_a_ficus_lyrata\/\" tabindex=\"-1\" ><div class=\"elementor-post__thumbnail\"><img loading=\"lazy\" decoding=\"async\" width=\"300\" height=\"300\" src=\"https:\/\/fertnobre.com.br\/blog\/wp-content\/uploads\/2021\/12\/ficus-lyata-1-e1639446246544-300x300.png\" class=\"attachment-medium size-medium wp-image-1397\" alt=\"\" srcset=\"https:\/\/fertnobre.com.br\/blog\/wp-content\/uploads\/2021\/12\/ficus-lyata-1-e1639446246544-300x300.png 300w, https:\/\/fertnobre.com.br\/blog\/wp-content\/uploads\/2021\/12\/ficus-lyata-1-e1639446246544-150x150.png 150w, https:\/\/fertnobre.com.br\/blog\/wp-content\/uploads\/2021\/12\/ficus-lyata-1-e1639446246544.png 478w\" sizes=\"(max-width: 300px) 100vw, 300px\" \/><\/div><\/a>\n\t\t\t\t<div class=\"elementor-post__badge\">Tend\u00eancias<\/div>\n\t\t\t\t<div class=\"elementor-post__avatar\">\n\t\t\t<img alt='admin' src='https:\/\/secure.gravatar.com\/avatar\/bedba7318734fab21e8ce6d2fb8eaa91589a0d27435ed0c7533c88f71b74ff85?s=128&#038;d=mm&#038;r=g' srcset='https:\/\/secure.gravatar.com\/avatar\/bedba7318734fab21e8ce6d2fb8eaa91589a0d27435ed0c7533c88f71b74ff85?s=256&#038;d=mm&#038;r=g 2x' class='avatar avatar-128 photo' height='128' width='128' \/>\t\t<\/div>\n\t\t\t\t<div class=\"elementor-post__text\">\n\t\t\t\t<h3 class=\"elementor-post__title\">\n\t\t\t<a href=\"https:\/\/fertnobre.com.br\/blog\/voce_conhece_a_ficus_lyrata\/\" >\n\t\t\t\tVoc\u00ea conhece a Ficus lyrata?\t\t\t<\/a>\n\t\t<\/h3>\n\t\t\t\t<div class=\"elementor-post__excerpt\">\n\t\t\t<p>Se voc\u00ea conhece a Ficus lyrata, sabe que \u00e9 uma planta que est\u00e1 em alta na decora\u00e7\u00e3o. Ela tem as folhas semelhantes a uma couve,<\/p>\n\t\t<\/div>\n\t\t\n\t\t<a class=\"elementor-post__read-more\" href=\"https:\/\/fertnobre.com.br\/blog\/voce_conhece_a_ficus_lyrata\/\" aria-label=\"Leia mais sobre Voc\u00ea conhece a Ficus lyrata?\" tabindex=\"-1\" >\n\t\t\tLeia mais \u00bb\t\t<\/a>\n\n\t\t\t\t<\/div>\n\t\t\t\t<div class=\"elementor-post__meta-data\">\n\t\t\t\t\t<span class=\"elementor-post-date\">\n\t\t\t9 de dezembro de 2021\t\t<\/span>\n\t\t\t\t<span class=\"elementor-post-avatar\">\n\t\t\tNenhum coment\u00e1rio\t\t<\/span>\n\t\t\t\t<\/div>\n\t\t\t\t\t<\/div>\n\t\t<\/article>\n\t\t\t\t<article class=\"elementor-post elementor-grid-item post-435 post type-post status-publish format-standard has-post-thumbnail hentry category-tendencias-de-jardinagem\" role=\"listitem\">\n\t\t\t<div class=\"elementor-post__card\">\n\t\t\t\t<a class=\"elementor-post__thumbnail__link\" href=\"https:\/\/fertnobre.com.br\/blog\/jardins_pequenos\/\" tabindex=\"-1\" ><div class=\"elementor-post__thumbnail\"><img loading=\"lazy\" decoding=\"async\" width=\"300\" height=\"300\" src=\"https:\/\/fertnobre.com.br\/blog\/wp-content\/uploads\/2021\/12\/imagem-4813-e1639014939863-300x300.jpg\" class=\"attachment-medium size-medium wp-image-528\" alt=\"\" srcset=\"https:\/\/fertnobre.com.br\/blog\/wp-content\/uploads\/2021\/12\/imagem-4813-e1639014939863-300x300.jpg 300w, https:\/\/fertnobre.com.br\/blog\/wp-content\/uploads\/2021\/12\/imagem-4813-e1639014939863-150x150.jpg 150w, https:\/\/fertnobre.com.br\/blog\/wp-content\/uploads\/2021\/12\/imagem-4813-e1639014939863.jpg 350w\" sizes=\"(max-width: 300px) 100vw, 300px\" \/><\/div><\/a>\n\t\t\t\t<div class=\"elementor-post__badge\">Tend\u00eancias<\/div>\n\t\t\t\t<div class=\"elementor-post__avatar\">\n\t\t\t<img alt='admin' src='https:\/\/secure.gravatar.com\/avatar\/bedba7318734fab21e8ce6d2fb8eaa91589a0d27435ed0c7533c88f71b74ff85?s=128&#038;d=mm&#038;r=g' srcset='https:\/\/secure.gravatar.com\/avatar\/bedba7318734fab21e8ce6d2fb8eaa91589a0d27435ed0c7533c88f71b74ff85?s=256&#038;d=mm&#038;r=g 2x' class='avatar avatar-128 photo' height='128' width='128' \/>\t\t<\/div>\n\t\t\t\t<div class=\"elementor-post__text\">\n\t\t\t\t<h3 class=\"elementor-post__title\">\n\t\t\t<a href=\"https:\/\/fertnobre.com.br\/blog\/jardins_pequenos\/\" >\n\t\t\t\tJardins pequenos para casas e apartamentos\t\t\t<\/a>\n\t\t<\/h3>\n\t\t\t\t<div class=\"elementor-post__excerpt\">\n\t\t\t<p>Muitas pessoas tem o desejo de possuir uma \u00e1rea verde na sua resid\u00eancia, por isso os jardins pequenos v\u00eam tomado espa\u00e7o na \u00e1rea de decora\u00e7\u00e3o<\/p>\n\t\t<\/div>\n\t\t\n\t\t<a class=\"elementor-post__read-more\" href=\"https:\/\/fertnobre.com.br\/blog\/jardins_pequenos\/\" aria-label=\"Leia mais sobre Jardins pequenos para casas e apartamentos\" tabindex=\"-1\" >\n\t\t\tLeia mais \u00bb\t\t<\/a>\n\n\t\t\t\t<\/div>\n\t\t\t\t<div class=\"elementor-post__meta-data\">\n\t\t\t\t\t<span class=\"elementor-post-date\">\n\t\t\t8 de dezembro de 2021\t\t<\/span>\n\t\t\t\t<span class=\"elementor-post-avatar\">\n\t\t\tNenhum coment\u00e1rio\t\t<\/span>\n\t\t\t\t<\/div>\n\t\t\t\t\t<\/div>\n\t\t<\/article>\n\t\t\t\t<\/div>\n\t\t\n\t\t\t\t\t\t<\/div>\n\t\t\t\t<\/div>\n\t\t\t\t\t<\/div>\n\t\t<\/div>\n\t\t\t\t\t<\/div>\n\t\t<\/section>\n\t\t\t\t<\/div>\n\t\t","protected":false},"excerpt":{"rendered":"","protected":false},"author":1,"featured_media":0,"parent":0,"menu_order":0,"comment_status":"closed","ping_status":"closed","template":"","meta":{"footnotes":""},"class_list":["post-809","page","type-page","status-publish","hentry"],"_links":{"self":[{"href":"https:\/\/fertnobre.com.br\/blog\/wp-json\/wp\/v2\/pages\/809","targetHints":{"allow":["GET"]}}],"collection":[{"href":"https:\/\/fertnobre.com.br\/blog\/wp-json\/wp\/v2\/pages"}],"about":[{"href":"https:\/\/fertnobre.com.br\/blog\/wp-json\/wp\/v2\/types\/page"}],"author":[{"embeddable":true,"href":"https:\/\/fertnobre.com.br\/blog\/wp-json\/wp\/v2\/users\/1"}],"replies":[{"embeddable":true,"href":"https:\/\/fertnobre.com.br\/blog\/wp-json\/wp\/v2\/comments?post=809"}],"version-history":[{"count":16,"href":"https:\/\/fertnobre.com.br\/blog\/wp-json\/wp\/v2\/pages\/809\/revisions"}],"predecessor-version":[{"id":1602,"href":"https:\/\/fertnobre.com.br\/blog\/wp-json\/wp\/v2\/pages\/809\/revisions\/1602"}],"wp:attachment":[{"href":"https:\/\/fertnobre.com.br\/blog\/wp-json\/wp\/v2\/media?parent=809"}],"curies":[{"name":"wp","href":"https:\/\/api.w.org\/{rel}","templated":true}]}}